he units digit of z?
8
Suppose 5*t - 56 = -16. Let x = -6 + 4. Let q = x + t. What is the units digit of q?
6
Suppose -p - 2 + 10 = 0. Suppose -3*z = -2*d + 11, 2*d - 5*z - 15 = -3*d. What is the units digit of p + d/(-3)*-3?
6
Suppose -10 = 2*r, -124 = -2*g + 4*r + 24. What is the tens digit of g?
6
Let n be (1 - 3)/((-2)/(-1)). Let w = n - -5. Suppose -7 = -5*a + w*a. What is the units digit of a?
7
Let a(o) = -5*o**3 - 2*o**2 - o. Suppose -6 = 5*n - 1. What is the units digit of a(n)?
4
Suppose -13 - 73 = -2*q - 4*s, s = 0. What is the tens digit of q?
4
Let n = 8 + 17. Suppose -o = 5*c - 20, 5*c + 2*o = -0 + n. Let h(r) = r**2 - r. What is the units digit of h(c)?
6
Let y(z) be the first derivative of z**3/3 - 3*z**2/2 + 3*z + 6. Suppose 3*g - 5 = 1. What is the units digit of y(g)?
1
Let p(m) = -m**3 + 5*m**2 + m + 1. Let k = 10 + -5. What is the units digit of p(k)?
6
Let u(g) = 3*g - 9. Suppose 0*y - 18 = -3*y. What is the units digit of u(y)?
9
What is the units digit of 4/(1 + 0)*3?
2
Let k = 21 - -203. What is the units digit of k?
4
Let y be 2*(3 + 9/(-6)). Suppose 3*h - 33 = 3*c, 2*c - 6*c = 4*h - 20. Suppose -43 = -4*r - 3*i, h*i = -3*r + y*i + 35. What is the units digit of r?
0
Suppose -r + 11 = -32. What is the units digit of r?
3
Suppose -11*m + 1018 + 456 = 0. What is the tens digit of m?
3
Let o(v) = -16*v - 1. Let z(s) = 48*s + 3. Let i(l) = -7*o(l) - 2*z(l). What is the tens digit of i(1)?
1
Let w be (-124)/(-12) - (-2)/(-6). Let h be (-2)/6 + w/3. Suppose -h*u - 2*u + 25 = 0. What is the units digit of u?
5
Let m be 2778/21 + 4/(-14). What is the units digit of m/3 - -1 - -4?
9
Let q = 6 - 5. Let w = q + 1. What is the units digit of w?
2
Let y(j) = 10*j**2 + 0 - 2 + 0 - 8*j**2. What is the units digit of y(3)?
6
Suppose 10*r = 1813 + 317. What is the tens digit of r?
1
Suppose -5*w + 37 = -168. What is the tens digit of w?
4
Let b(z) = -2*z**3 - z - 1. Let y be b(-2). Let x = -11 + y. What is the units digit of x?
6
Let g(y) = -y**2 - 8*y - 8. Let c = -2 - 4. What is the units digit of g(c)?
4
Suppose 14 = z - 1. Let t(w) = -w**2 - 2*w - 4. Let j be t(-3). Let k = z + j. What is the units digit of k?
8
Let k(r) = r**2 + 1. Let m be k(1). Let z(n) = -n**3 + m*n**2 + 4*n**2 + 6*n - 8*n - 3. What is the units digit of z(3)?
8
Let j = -1 + 1. Let d = -5 + j. Let g = 3 - d. What is the units digit of g?
8
Let v = -7 + 12. Suppose -v*m = -z, -3*z - 5 + 22 = 2*m. What is the units digit of m?
1
Suppose -4*x = -w + 23 - 301, 0 = -5*w + 10. What is the units digit of x?
0
Suppose 117 = 2*s - 229. What is the units digit of s?
3
Suppose 4*v - 2*v + 35 = o, 0 = -5*o - 3*v + 175. What is the units digit of o?
5
What is the tens digit of 159/4 - 33/44?
3
What is the units digit of ((-2)/4)/(10/(-1080))?
4
Suppose 0 = 7*v - 1927 + 618. What is the tens digit of v?
8
Suppose 95 = 2*o - 215. What is the hundreds digit of o?
1
Suppose 4*d + 182 - 782 = 0. Let x be ((-2)/6)/((-10)/d). Suppose -x = -5*y - 0*y. What is the units digit of y?
1
Let o = 140 - 9. What is the tens digit of o?
3
Let k be 1 + (13/1)/1. Suppose 2*v - 14 = k. Suppose n = -n + v. What is the units digit of n?
7
Let j(u) = -u + u**2 - 4 - 3*u + 0*u**2 + 0. What is the units digit of j(6)?
8
Let p(z) be the second derivative of -5*z**3/6 - z**2/2 - 2*z. What is the units digit of p(-2)?
9
Let g(t) = 2*t + 1. What is the tens digit of g(10)?
2
Let q(i) be the first derivative of -i**2 - 2*i - 4. What is the tens digit of q(-11)?
2
Let s = 14 + -20. Let f be 3*(-7)/((-63)/s). What is the units digit of (19 - f)*(-1)/(-3)?
7
Let z = 9 + 25. Let j = 77 - z. What is the tens digit of j?
4
Let p be 1 + 2 - (2 + 1). Let h(y) = y**3 - y + 22. What is the units digit of h(p)?
2
Suppose 0 = -j + 2*l + 9, 1 = 2*l - 5. What is the tens digit of j?
1
Let b be (4 + -23)/(2/(-12)). Let f = b - 75. Suppose -4*s = -k - f, 0 = 3*k + 8 + 1. What is the units digit of s?
9
Let h(d) be the first derivative of d**3/3 + 9*d - 4. What is the units digit of h(0)?
9
Let n be 6/(-4)*(-14)/3. Let u be (3 - 1)/((-14)/(-35)). Let m = n - u. What is the units digit of m?
2
Suppose w = 4*w. Suppose 3*h - 14 = 19. Let r = w + h. What is the units digit of r?
1
Let a be -10 - (-2 - (-4)/2). What is the tens digit of ((-4)/a)/((-13)/(-390))?
1
Suppose 0 = 5*w - 5*c - 190, -w - 3*w - 4*c = -152. What is the units digit of w?
8
Let p(h) = -2*h + 13. What is the units digit of p(0)?
3
What is the units digit of ((-1308)/(-30))/(6/15)?
9
Let x(f) = f**2 + 5*f + 3. Let b be x(-4). Let z = 3 - b. Suppose 2*q - z = q. What is the units digit of q?
4
Let l = 19 - 19. Let t be (-2 + 12)*(-4)/(-10). Suppose 2*k - 32 = t*c, -3*k + 2*k + 3*c + 19 = l. What is the units digit of k?
0
Suppose -8 + 24 = q. What is the tens digit of q?
1
What is the units digit of 2/6*387/3?
3
Suppose 0 = 5*r - 2 - 8. Suppose 3*m - z - 32 = 0, -m + z - 5*z = -r. What is the units digit of m?
0
Let b(x) be the third derivative of x**6/120 - x**5/10 - 5*x**3/3 + 3*x**2. Let k be b(7). Suppose -2*u = u - k. What is the tens digit of u?
1
Suppose -3*v = -3*w + 4 - 28, 24 = -5*w - 3*v. Let l be 8*1 - (1 - 1). Let o = l + w. What is the units digit of o?
2
Let d(a) = -a - 2. Let s be d(-7). Suppose -18 = -4*m + 2*l, s*m - 21 = l - 6. Suppose -i + m = -3. What is the units digit of i?
5
Let p(q) = 25*q + 4. Let m be p(8). Let g be (-4)/(-6) + m/(-9). Let v = g - -34. What is the units digit of v?
2
Let q(w) be the second derivative of -w**3/6 + 11*w**2/2 + 2*w. What is the units digit of q(0)?
1
What is the tens digit of (0 - -13) + -2 + 4?
1
Suppose -4*g + 2*g = 22. Let t = g - -24. What is the tens digit of t?
1
Let i(a) = 4*a**2 - 10*a + 14. What is the units digit of i(-7)?
0
Let h(s) = s**3 - s**2 - 5*s + 1. Let n = 10 - 5. Let a be h(n). Suppose a = 4*r + 32. What is the units digit of r?
1
Let t(g) = g - 10. Let w be t(13). What is the units digit of ((-12)/16)/(w/(-8))?
2
Suppose -47 = -4*w + 3*w. What is the units digit of w?
7
Let o(l) = 4*l**2 + 3*l - 7. What is the tens digit of o(-4)?
4
Let k(r) = r**2 + 11*r + 7. Let x(h) = -2*h + 2. Let o(s) = -s + 1. Let v(z) = 9*o(z) - 4*x(z). Let m be v(12). What is the units digit of k(m)?
7
Suppose -3*n + 18 = -3*k, 0 = k + n - 5*n + 3. Let v = 12 + k. Suppose 10*l - v*l - 20 = 0. What is the units digit of l?
4
Suppose -2*t = -5*t + 12, -4*f + 5*t = 0. What is the units digit of f?
5
Let c(h) = -4*h**3 - 5*h**2 - 4*h - 4. What is the tens digit of c(-3)?
7
Let v(k) = 3*k**3 - 5*k**2 + 2*k - 11. Let b(p) = 4*p**3 - 8*p**2 + 3*p - 17. Let h(c) = 5*b(c) - 7*v(c). What is the units digit of h(-6)?
2
Let o(z) = 27*z**2 - z - 1. Let b be o(-1). Let u = 44 - b. What is the tens digit of u?
1
What is the tens digit of (1 + 79)*(0 + 1)?
8
Let s = 45 + 12. Let k = s - 29. What is the units digit of k?
8
Suppose 12 = -3*u + 6*u. Suppose 4*x - u*r = -3 - 13, -2*r = -x. What is the units digit of (x/6)/(6/(-9))?
2
Suppose -3*i + 8 = -i - 3*t, -3*i + 12 = 4*t. Suppose g - 5*y - 3 = 0, -4*g - 3*y + 50 = -i*y. What is the units digit of g?
3
Suppose p - 2*p = 38. Let w(a) = -26*a**3 - 3*a**2 + 2. Let x be w(1). Let d = x - p. What is the units digit of d?
1
Suppose -5*r + 3*n + 27 = 2*n, -4*r - n + 18 = 0. Suppose r = 4*p - 3*p - 5*g, -p = 3*g + 11. Let i = p - -11. What is the units digit of i?
6
Suppose 0*f - 100 = -5*h + 2*f, -60 = -3*h - 2*f. Let g be 16/(-3) - h/30. What is the units digit of 10/4 + 3/g?
2
Suppose -4*x + 5*s - s + 104 = 0, 5*x - 4*s = 130. What is the tens digit of x?
2
Suppose 5*b + 333 = 1023. What is the hundreds digit of b?
1
Suppose 0*y - 5*y + 115 = 0. What is the units digit of y?
3
Let k be 2 + 1/(1/4). Suppose 10 = 4*r - k. What is the units digit of r?
4
Let j(u) = 27*u**2 - 1. Let p be 5/4 - (-2)/(-8). What is the units digit of j(p)?
6
Let d be 6 - (1 + 2 + -4). Suppose d = 4*n - 9. Suppose -n*b = -0*b - 24. What is the units digit of b?
6
Suppose -4*x = 11 - 43. What is the units digit of x?
8
What is the tens digit of 1510/6 + (-2)/(-6)?
5
Let y(h) be the first derivative of h**5/120 - h**4/24 + 2*h**3/3 - 1. Let j(o) be the third derivative of y(o). What is the units digit of j(7)?
6
Suppose -5*u + 15 = -0, 5*h - 326 = 3*u. What is the tens digit of h?
6
Suppose 